?
1
What is the units digit of 287227?
7
What is the ten thousands digit of 218811?
1
What is the ten thousands digit of 900995?
0
What is the millions digit of 1809999?
1
What is the tens digit of 138354?
5
What is the thousands digit of 1989229?
9
What is the ten thousands digit of 179822?
7
What is the hundred thousands digit of 312139?
3
What is the thousands digit of 49825?
9
What is the units digit of 2487470?
0
What is the tens digit of 3503181?
8
What is the hundreds digit of 3893140?
1
What is the hundreds digit of 86145?
1
What is the hundred thousands digit of 4838271?
8
What is the tens digit of 2528486?
8
What is the hundreds digit of 5960578?
5
What is the thousands digit of 72149?
2
What is the units digit of 279799?
9
What is the hundreds digit of 3666190?
1
What is the millions digit of 1786424?
1
What is the ten thousands digit of 17582944?
8
What is the hundred thousands digit of 14583495?
5
What is the ten thousands digit of 665350?
6
What is the thousands digit of 634614?
4
What is the units digit of 179084?
4
What is the tens digit of 8564068?
6
What is the millions digit of 2795065?
2
What is the thousands digit of 2955174?
5
What is the units digit of 11718845?
5
What is the tens digit of 339535?
3
What is the millions digit of 2034953?
2
What is the ten thousands digit of 413097?
1
What is the units digit of 38941094?
4
What is the millions digit of 1349981?
1
What is the hundreds digit of 319466?
4
What is the tens digit of 7194546?
4
What is the thousands digit of 4465776?
5
What is the hundred thousands digit of 318525?
3
What is the thousands digit of 15793?
5
What is the units digit of 18434981?
1
What is the thousands digit of 705080?
5
What is the thousands digit of 1145644?
5
What is the thousands digit of 1351294?
1
What is the ten thousands digit of 872867?
7
What is the millions digit of 1789848?
1
What is the units digit of 3101092?
2
What is the tens digit of 2209600?
0
What is the hundred thousands digit of 149545?
1
What is the hundred thousands digit of 201990?
2
What is the ten millions digit of 11918912?
1
What is the units digit of 10467280?
0
What is the units digit of 288993?
3
What is the tens digit of 3770659?
5
What is the ten thousands digit of 315069?
1
What is the hundred thousands digit of 12669123?
6
What is the hundred thousands digit of 781977?
7
What is the units digit of 696472?
2
What is the thousands digit of 2984554?
4
What is the hundred thousands digit of 5767947?
7
What is the hundred thousands digit of 348507?
3
What is the ten thousands digit of 433072?
3
What is the thousands digit of 323336?
3
What is the thousands digit of 7884413?
4
What is the hundred thousands digit of 5837747?
8
What is the ten thousands digit of 223052?
2
What is the ten thousands digit of 1457687?
5
What is the tens digit of 5180051?
5
What is the hundreds digit of 1721095?
0
What is the ten thousands digit of 3767605?
6
What is the millions digit of 15233159?
5
What is the hundred thousands digit of 1312502?
3
What is the hundred thousands digit of 24017140?
0
What is the tens digit of 828?
2
What is the units digit of 16659?
9
What is the tens digit of 5334119?
1
What is the units digit of 370822?
2
What is the tens digit of 62351?
5
What is the hundreds digit of 3496216?
2
What is the units digit of 18841131?
1
What is the hundred thousands digit of 1260261?
2
What is the tens digit of 1243605?
0
What is the ten thousands digit of 374603?
7
What is the tens digit of 734479?
7
What is the ten thousands digit of 65042?
6
What is the units digit of 11340008?
8
What is the hundreds digit of 167451?
4
What is the thousands digit of 23977932?
7
What is the hundred thousands digit of 356647?
3
What is the hundred thousands digit of 4672159?
6
What is the ten thousands digit of 12168455?
6
What is the ten thousands digit of 64393?
6
What is the thousands digit of 239307?
9
What is the thousands digit of 51331?
1
What is the units digit of 3213028?
8
What is the tens digit of 10241006?
0
What is the millions digit of 3362388?
3
What is the hundreds digit of 1410515?
5
What is the thousands digit of 6186567?
6
What is the millions digit of 1271749?
1
What is the thousands digit of 14649203?
9
What is the millions digit of 1206441?
1
What is the units digit of 288844?
4
What is the ten thousands digit of 196540?
9
What is the hundreds digit of 114100?
1
What is the tens digit of 125195?
9
What is the tens digit of 2028506?
0
What is the hundreds digit of 749524?
5
What is the ten thousands digit of 1920945?
2
What is the hundred thousands digit of 232608?
2
What is the units digit of 163461?
1
What is the ten thousands digit of 398634?
9
What is the hundred thousands digit of 325930?
3
What is the hundred thousands digit of 3862867?
8
What is the tens digit of 11304114?
1
What is the hundred thousands digit of 989239?
9
What is the hundreds digit of 1209455?
4
What is the thousands digit of 21195535?
5
What is the units digit of 400546?
6
What is the tens digit of 815843?
4
What is the thousands digit of 277446?
7
What is the ten thousands digit of 308640?
0
What is the tens digit of 12813?
1
What is the thousands digit of 1632300?
2
What is the tens digit of 1984788?
8
What is the hundreds digit of 1415?
4
What is the ten thousands digit of 286861?
8
What is the hundreds digit of 301832?
8
What is the thousands digit of 276382?
6
What is the hundreds digit of 460362?
3
What is the thousands digit of 1908479?
8
What is the hundred thousands digit of 29376072?
3
What is the units digit of 9113?
3
What is the tens digit of 15480176?
7
What is the units digit of 225695?
5
What is the hundreds digit of 2381318?
3
What is the units digit of 6037567?
7
What is the hundreds digit of 1694336?
3
What is the tens digit of 328557?
5
What is the tens digit of 12224234?
3
What is the ten thousands digit of 865709?
6
What is the hundred thousands digit of 11882154?
8
What is the units digit of 6790932?
2
What is the ten thousands digit of 3355025?
5
What is the hundred thousands digit of 3637204?
6
What is the ten thousands digit of 868210?
6
What is the tens digit of 6073083?
8
What is the hundred thousands digit of 2959283?
9
What is the ten millions digit of 26114462?
2
What is the hundred thousands digit of 3775311?
7
What is the tens digit of 971720?
2
What is the hundreds digit of 122454?
4
What is the tens digit of 1152747?
4
What is the tens digit of 460679?
7
What is the tens digit of 266402?
0
What is the hundred thousands digit of 533817?
5
What is the tens digit of 1710950?
5
What is the units digit of 382266?
6
What is the units digit of 3068422?
2
What is the units digit of 767994?
4
What is the hundreds digit of 1104115?
1
What is the hundred thousands digit of 196774?
1
What is the hundred thousands digit of 31614378?
6
What is the units digit of 4645355?
5
What is the thousands digit of 30042?
0
What is the hundred thousands digit of 145190?
1
What is the units digit of 8457457?
7
What is the hundred thousands digit of 731468?
7
What is the thousands digit of 175296?
5
What is the ten thousands digit of 387005?
8
What is the units digit of 22533189?
9
What is the hundred thousands digit of 882884?
8
What is the units digit of 2485927?
7
What is the hundreds digit of 5058823?
8
What is the thousands digit of 1943538?
3
What is the thousands digit of 52284?
2
What is the thousands digit of 2144708?
4
What is the ten thousands digit of 606247?
0
What is the hundreds digit of 620034?
0
What is the ten thousands digit of 1023527?
2
What is the hundred thousands digit of 2178504?
1
What is the ten thousands digit of 1961478?
6
What is the thousands digit of 942420?
2
What is the units digit of 28030229?
9
What is the units digit of 107082?
2
What is the millions digit of 12104519?
2
What is the units digit of 13270366?
6
What is the ten thousands digit of 9373933?
7
What is the thousands digit of 3744185?
4
What is the hundreds digit of 947658?
6
What is the thousands digit of 28171610?
1
What is the thousands digit of 948806?
8
What is the hundred thousands digit of 5696460?
6
What is the units digit of 16964497?
7
What is the units digit of 12420261?
1
What is the tens digit of 343618?
1
What is the units d